{"id":275,"date":"2020-12-02T18:05:02","date_gmt":"2020-12-02T22:05:02","guid":{"rendered":"http:\/\/localhost\/wordpress\/?page_id=2"},"modified":"2020-12-03T22:23:06","modified_gmt":"2020-12-04T02:23:06","slug":"armando-garnica","status":"publish","type":"page","link":"https:\/\/www.elrincondepedroyarmando.com\/index.php\/armando-garnica\/","title":{"rendered":"Armando Garnica"},"content":{"rendered":"\n<p class=\"has-text-align-center\">Armando Jos\u00e9 Garnica Santos<\/p>\n\n\n\n<div class=\"wp-block-image is-style-rounded\"><figure class=\"alignleft size-large is-resized\"><img loading=\"lazy\" decoding=\"async\" src=\"https:\/\/www.elrincondepedroyarmando.com\/wp-content\/uploads\/2020\/12\/tio-armando-1-769x1024.jpeg\" alt=\"\" class=\"wp-image-98\" width=\"158\" height=\"210\" srcset=\"https:\/\/www.elrincondepedroyarmando.com\/wp-content\/uploads\/2020\/12\/tio-armando-1-769x1024.jpeg 769w, https:\/\/www.elrincondepedroyarmando.com\/wp-content\/uploads\/2020\/12\/tio-armando-1-225x300.jpeg 225w, https:\/\/www.elrincondepedroyarmando.com\/wp-content\/uploads\/2020\/12\/tio-armando-1-768x1022.jpeg 768w, https:\/\/www.elrincondepedroyarmando.com\/wp-content\/uploads\/2020\/12\/tio-armando-1-600x799.jpeg 600w, https:\/\/www.elrincondepedroyarmando.com\/wp-content\/uploads\/2020\/12\/tio-armando-1.jpeg 773w\" sizes=\"(max-width: 158px) 100vw, 158px\" \/><figcaption>Armando Garnica<\/figcaption><\/figure><\/div>\n\n\n\n<p>Reside en San Antonio del T\u00e1chira es licenciado en educaci\u00f3n con una especializaci\u00f3n en   gerencia   educativa   en   la Universidad   Santa   Mar\u00eda.    Especialista    en Evaluaci\u00f3n Educativa de la Universidad De Los Andes T\u00e1chira ha realizado varios cursos      de actualizaci\u00f3n profesional en el  \u00e1rea  educativa entre los que se cuentan:<\/p>\n\n\n\n<ul><li>Curso de metodolog\u00eda de la investigaci\u00f3n &#8211; Instituto de Investigaciones Sociales y Cient\u00edficas.<\/li><li>Curso IV nivel &#8211; Universidad Pedag\u00f3gica Experimental Libertador Rubio.<\/li><li>Sensibilizaci\u00f3n andrag\u00f3gica &#8211; Ministerio de Educaci\u00f3n y Deportes Zona Educativa T\u00e1chira.<\/li><li>T\u00e9cnicas de Supervisi\u00f3n &#8211; Universidad De Carabobo.<\/li><li>Taller sobre Evaluaci\u00f3n Actualizada &#8211;&nbsp;Ministerio de Educaci\u00f3n y Deportes.<\/li><\/ul>\n\n\n\n<p>Es profesor fundador del Liceo nocturno \u00abManuel D\u00edaz Rodr\u00edguez\u00bb,&nbsp;&nbsp;miembro fundador de la Cruz Roja Seccional San Antonio, miembro de la comisi\u00f3n de redacci\u00f3n del proyecto \u201cEducaci\u00f3n para la salud\u201d y de la comisi\u00f3n pro-creaci\u00f3n de la Universidad De La Frontera.<\/p>\n\n\n\n<p>Ha&nbsp;&nbsp;desempe\u00f1ado diferentes cargos dentro del \u00e1rea educativa y pol\u00edtico social entre los cuales podemos mencionar:<\/p>\n\n\n\n<ul><li>Director del Liceo nocturno \u00abManuel D\u00edaz Rodr\u00edguez\u00bb.<\/li><li>Presidente del ateneo fronterizo \u00abDoctor Marco Ram\u00edrez Murzi\u00bb.<\/li><li>Concejal del municipio Bol\u00edvar.<\/li><li>Gerente de CADAFE en San Antonio y Ure\u00f1a.<\/li><li>Presidente de la Comisi\u00f3n de Relaciones Internacionales de la Federaci\u00f3n de Ateneo de Venezuela.<\/li><li>Promotor cultural del municipio Bol\u00edvar.<\/li><\/ul>\n\n\n\n<p>Ha sido galardonado con varias condecoraciones y reconocimientos de los cuales podemos nombrar:<\/p>\n\n\n\n<ul><li>Orden 27 de Junio en su Segunda Clase<\/li><li>Bot\u00f3n de Oro \u00ab2 de octubre\u00bb<\/li><li>Condecoraci\u00f3n \u00abAntonio Mar\u00eda P\u00e9rez del real\u00bb en su Primera Clase &#8211; Concejo Municipal de Bol\u00edvar<\/li><li>Bot\u00f3n \u00abHonor al M\u00e9rito\u00bb otorgado por la Zona Educativa T\u00e1chira<\/li><li>Reconocimiento y condecoraci\u00f3n \u00abProfesor F\u00e9lix Manuel F\u00e9lix Manuel Luces\u00bb<\/li><li>Reconocimiento \u201cHACIENDO HONOR A QUIEN HONOR MERECE\u201d<\/li><li>Reconocimiento \u201cEN VIRTUD DEL TRABAJO\u201d del pro del desarrollo del municipio Bol\u00edvar<\/li><li>Diploma otorgado por la direcci\u00f3n de cultura y bellas artes por obtener el segundo lugar en la modalidad de leyenda<\/li><li>&nbsp;Premio \u201cPrestigio Rotario\u201d<\/li><li>&nbsp;Reconocimiento como escritor y escultor del municipio Bol\u00edvar<\/li><\/ul>\n\n\n\n<p>Ha escrito diversos libros sobre el municiono bol\u00edvar y sus alrededores, libro somo Leyendas&nbsp;del T\u00e1chira&nbsp;son de su autor\u00eda.<\/p>\n","protected":false},"excerpt":{"rendered":"<p>Armando Jos\u00e9 Garnica Santos Reside en San Antonio del T\u00e1chira es licenciado en educaci\u00f3n con una especializaci\u00f3n en gerencia educativa en la Universidad Santa Mar\u00eda. Especialista en Evaluaci\u00f3n Educativa de la Universidad De Los Andes T\u00e1chira ha realizado varios cursos&#8230; <a class=\"more-link\" href=\"https:\/\/www.elrincondepedroyarmando.com\/index.php\/armando-garnica\/\">Seguir leyendo &rarr;<\/a><\/p>\n","protected":false},"author":1,"featured_media":0,"parent":0,"menu_order":0,"comment_status":"closed","ping_status":"open","template":"","meta":{"footnotes":""},"_links":{"self":[{"href":"https:\/\/www.elrincondepedroyarmando.com\/index.php\/wp-json\/wp\/v2\/pages\/275"}],"collection":[{"href":"https:\/\/www.elrincondepedroyarmando.com\/index.php\/wp-json\/wp\/v2\/pages"}],"about":[{"href":"https:\/\/www.elrincondepedroyarmando.com\/index.php\/wp-json\/wp\/v2\/types\/page"}],"author":[{"embeddable":true,"href":"https:\/\/www.elrincondepedroyarmando.com\/index.php\/wp-json\/wp\/v2\/users\/1"}],"replies":[{"embeddable":true,"href":"https:\/\/www.elrincondepedroyarmando.com\/index.php\/wp-json\/wp\/v2\/comments?post=275"}],"version-history":[{"count":2,"href":"https:\/\/www.elrincondepedroyarmando.com\/index.php\/wp-json\/wp\/v2\/pages\/275\/revisions"}],"predecessor-version":[{"id":425,"href":"https:\/\/www.elrincondepedroyarmando.com\/index.php\/wp-json\/wp\/v2\/pages\/275\/revisions\/425"}],"wp:attachment":[{"href":"https:\/\/www.elrincondepedroyarmando.com\/index.php\/wp-json\/wp\/v2\/media?parent=275"}],"curies":[{"name":"wp","href":"https:\/\/api.w.org\/{rel}","templated":true}]}}